5*w + c = 4*z, -60 = -5*z - 5*w. Calculate the remainder when 47 is divided by z.
11
Suppose -5*w = -0*w - 125. Suppose 2*m + u = 18, m + 27 = 2*m + 5*u. What is the remainder when w is divided by m?
4
Let d(c) = -9*c - 3. Let m be d(-5). Let l = 1 + m. Suppose 0 = -5*b + 37 + l. What is the remainder when b is divided by 6?
4
Suppose 2*s - 40 = -x, 9*x - 4*x - 188 = 2*s. What is the remainder when x is divided by ((-20)/6)/(3/(-18))?
18
Suppose 2*c = -6 + 26. What is the remainder when 46 is divided by c?
6
Suppose 2*i = -5*v + 19, 3*i + 0*v = -v + 48. Let y = -13 + i. What is the remainder when y is divided by 3?
1
Let v be (-2)/(-5) + (-24)/(-15). Suppose 31 = v*u + 7. Let i = -28 - -51. What is the remainder when i is divided by u?
11
Suppose 4*z = 17 + 11. Calculate the remainder when 12 is divided by z.
5
Let s(d) = -d**3 - 6*d**2 + 11*d + 10. Let b be s(-7). Let w = b - -25. What is the remainder when w is divided by 5?
2
Calculate the remainder when (-4)/((-3 - 484/(-164))/1) is divided by 17.
14
Let c = -43 + 46. Calculate the remainder when 9 is divided by c.
0
Suppose -4*j = -4 - 40. What is the remainder when 41*(-3 + 2 - -2) is divided by j?
8
Calculate the remainder when -9*1*28/(-21) + 2 is divided by 6.
2
Suppose 2*q + 0 - 52 = 0. Calculate the remainder when 75 is divided by q.
23
Let g be 62 + 5 + (-3 - -1). Let i = g + -46. Calculate the remainder when 35 is divided by i.
16
Suppose -v + 5 = -14. What is the remainder when v is divided by 5?
4
Suppose -19 = -3*h - 1. Calculate the remainder when 55 is divided by ((-2)/h)/((-1)/42).
13
Suppose 3*w + 39 = -21. Let p = w + 33. Calculate the remainder when 38 is divided by p.
12
Let w be 39 - ((-6)/3)/1. Let d = w - 25. Calculate the remainder when 61 is divided by d.
13
Let n = -19 + 34. Calculate the remainder when (-5 - -5) + 3 + 56 is divided by n.
14
Calculate the remainder when 1/(-4) + 759/12 is divided by ((-4)/3)/((10 - 5)/(-60)).
15
Suppose 4*a - 7*a = -36. What is the remainder when 21 is divided by a?
9
Let x(n) = n**2 - 2*n + 6. Calculate the remainder when x(8) is divided by 10.
4
What is the remainder when (-24)/(-16) - (-59)/2 is divided by 16?
15
Suppose 115 = 3*a - l, -2*a + 3*l = -27 - 45. Let t = 62 - a. Let q = -2 + t. Calculate the remainder when q is divided by 12.
9
Let v = -12 - -18. Suppose -v*r = -2*r - 576. Suppose 105 = 5*y + 5*m, 4*y - r + 61 = -3*m. Calculate the remainder when y is divided by 11.
9
Suppose -6*y + 53 + 25 = 0. What is the remainder when 90 is divided by y?
12
What is the remainder when (0 + 6/(-9))*-54 is divided by 6/9 + 55/3?
17
Suppose -4*i = -i - 42. Let k(f) = 10*f**2 + 3*f - 7. What is the remainder when k(2) is divided by i?
11
Let l be -6 + 20 - (1 + 0). Suppose -5*b + l = 3. Suppose b*k = -k + 168. Calculate the remainder when k is divided by 19.
18
Suppose -18 = -2*o + 2*r, -2*o = -5*r - 13 - 14. Calculate the remainder when (-3)/((-3)/(-22)*-1) is divided by o.
4
Let m be ((-50)/8)/((-3)/12). Suppose 0 = 2*h - d - 57, 8*d + m = 3*d. Suppose -n - 2*n = -42. Calculate the remainder when h is divided by n.
12
Let x(i) = i. Let s(c) = -6*c + 5. Let a(f) = s(f) + 5*x(f). Calculate the remainder when a(-5) is divided by 4.
2
Let k(v) = 2*v + 18. Let f be k(-13). Let o(u) = 4*u - 3. Let l(d) = 9*d - 6. Let c(i) = -6*l(i) + 13*o(i). What is the remainder when 24 is divided by c(f)?
11
Let l be 1/(((-9)/3)/(-42)). Let m = l - -15. Let v = m - 16. Calculate the remainder when v is divided by 7.
6
Let x(m) = -m + 4. Let b(r) = -r + 0 - 3 + 1. Let i be b(-2). What is the remainder when 6 is divided by x(i)?
2
Let u(p) = -p**3 - 2*p**2 - 2*p + 6. What is the remainder when 320 is divided by u(-4)?
44
Suppose 3*m + 2*m - 70 = 0. Let j be (-198)/(-4) - (-2)/4. What is the remainder when (j/8)/((-4)/(-16)) is divided by m?
11
What is the remainder when 56 is divided by 19 - (8/2 - 0)?
11
Let u be (-6)/(-4)*36/27. Let y = u - -20. Let b(f) = f**2 - f - 4. What is the remainder when y is divided by b(4)?
6
Let r(y) = -y + 3. What is the remainder when 9 is divided by r(-3)?
3
Suppose -k = -5*k - 5*t + 125, -25 = -2*k + 5*t. Calculate the remainder when 73 is divided by k.
23
Let d = -12 - -13. What is the remainder when 36 is divided by d/(3/30) - -3?
10
Suppose -4*t + 715 = 9*t. Calculate the remainder when t is divided by 14.
13
Let d = 39 + -20. Suppose -4*y = 3*c - d - 32, -3*c = -3. Calculate the remainder when 34 is divided by y.
10
Let f = 4 - -4. Calculate the remainder when 12 is divided by f.
4
Let f = 8 - -19. Let d = f - 17. Calculate the remainder when d is divided by 4.
2
Let n(a) = 2*a - 2. Let j(o) = o + 4. Let i be j(4). Suppose -103 = 4*w + 3*c - 310, -2*c = -w + 60. What is the remainder when w is divided by n(i)?
12
Calculate the remainder when (-124)/(-3) - 7/21 is divided by 11.
8
Let i(q) = -2*q + 2. Calculate the remainder when 1*-5*56/(-7) is divided by i(-6).
12
Let m = -9 + 13. What is the remainder when 13 is divided by m?
1
Let k(w) = -w**3 - 4*w**2 + 4*w + 9. What is the remainder when k(-6) is divided by 15?
12
Suppose -5*m + 2*m = 2*h - 59, 3*h = -5*m + 100. Suppose -4*r + 227 = -4*q - 45, -5*r - 4*q + 331 = 0. Calculate the remainder when r is divided by m.
21
Let g(i) = i**3 + 8*i**2 - 13*i - 9. What is the remainder when 103 is divided by g(-9)?
22
Suppose 4*c + 4*j - 76 + 24 = 0, -c = -5*j - 13. Calculate the remainder when (-322)/(-14) - (2 + -4) is divided by c.
12
Let p = 10 - 5. Suppose -p*y = 11 - 31. Suppose -y*l + 19 = -105. Calculate the remainder when l is divided by 11.
9
Let x be (-7)/(-42) - 2/12. Suppose -2*h + 17 + 19 = x. What is the remainder when 35 is divided by h?
17
Suppose 3*a - 4*c = 47, -3*c + 45 = 3*a - 6*c. What is the remainder when 22 is divided by a?
9
Suppose 2*y = -0*y + 20. Suppose 0 = -12*z + 223 + 149. Calculate the remainder when z is divided by ((-8)/y)/((-3)/60).
15
Suppose 2*g = g + 34. Suppose 7*s + 10 = 73. What is the remainder when g is divided by s?
7
Suppose 0 = -j - 5*j + 78. Suppose -6*m + 185 = -m. Calculate the remainder when m is divided by j.
11
Let n(k) = 3*k - 4. What is the remainder when n(7) is divided by 6?
5
Let t(r) be the second derivative of -r**3/6 - r**2 - 2*r. Let f be t(-3). Calculate the remainder when 7 is divided by (5/(-15))/(f/(-12)).
3
Calculate the remainder when 44 is divided by (-9 - -6) + 1*18.
14
Let d be (-11)/1 + -1*1. Let q = 7 - d. What is the remainder when q is divided by 7?
5
Let b(h) = 2*h - 3. Let o(y) = y**3 + 3*y**2 - y. Let g be o(-3). Let m be b(g). Suppose -m*r - 3 + 33 = 0. What is the remainder when 29 is divided by r?
9
Suppose 6*c = 4*c + 36. What is the remainder when c is divided by 10?
8
What is the remainder when (-2)/8 - 5/(60/(-123)) is divided by 5?
0
Let x(b) = b**3 - 2*b**2 - 4*b + 4. Let v be x(3). Let n(k) = 33*k**2 + 2*k**2 - 2*k**2 + 8*k**2. What is the remainder when n(v) is divided by 14?
13
Let f = 29 - 10. Suppose 0 = -4*t + 3*l + 139, -4*t - 2*l + l + 151 = 0. Calculate the remainder when t is divided by f.
18
Let u = 1 - -6. Let x = 3 - 4. Calculate the remainder when x/(-2 - (-25)/13) is divided by u.
6
Suppose -4*u = 16, 4*u = 5*i - u - 145. Suppose o + 4*o - i = 0. Let r = o + -4. Calculate the remainder when r is divided by 1.
0
Suppose a + 10*i = 5*i - 11, 3*a = -5*i + 17. What is the remainder when a is divided by 8?
6
Suppose -3*y = -5*b - 17, -3*b = -6*b + 5*y - 7. Let a(g) = -6*g + 1. Calculate the remainder when a(b) is divided by 9.
7
Let p(j) = -5*j - 2. Suppose 5*y - 3*a = -2, 3*a = 15 - 3. Suppose 0 = -0*u - y*u - 8. Calculate the remainder when 34 is divided by p(u).
16
Suppose 3*q + 5 = 4*q. Suppose 5*z - q*s = 100, z + 2*s + 10 = -3*s. Calculate the remainder when 28 is divided by z.
13
Let c(u) = -u**3 + 9*u + 6*u**2 + 0*u**3 - 6 - 6*u. Let g be c(4). Let o = 57 - g. What is the remainder when 56 is divided by o?
18
Suppose 0 = -3*r + 2*l + 119, -4*r = -5*r - 5*l + 17. Calculate the remainder when r is divided by (-131)/(-7) + 2/7.
18
Let t(h) = h**2 + h + 41. Calculate the remainder when 162 is divided by t(0).
39
Let h(s) = s**3 - 7*s**2 + 16*s - 55. What is the remainder when 20 + (-1*2 - 0) is divided by h(6)?
3
Let o = 146 - 92. What is the remainder when o is divide